me factors of q.
2, 3
Suppose -3*n + 0*n - 402 = 0. Suppose 3*b + 70 = -206. Let m = b - n. List the prime factors of m.
2, 3, 7
Suppose -5*b - 27 = -8*b. Suppose 183 = b*w - 6*w. What are the prime factors of w?
61
Suppose 0 = j - 4, -3*v + 46 - 17 = 5*j. What are the prime factors of 8/(-12) + 185/v?
61
Let g = 77 - 75. Let m(n) = 6*n**2 + n. What are the prime factors of m(g)?
2, 13
What are the prime factors of -2 - (6 - (-1 - -165))?
2, 3, 13
Let l = -5 - 6. Let o(g) = 13 + 0*g**3 - 11*g**2 - 3*g**3 + 2*g**3. What are the prime factors of o(l)?
13
Let z be (4/(-4) - -3) + -4. Let j(k) = -80*k. Let v be j(z). List the prime factors of v/(-24)*(-18)/4.
2, 3, 5
Let u(p) = -4*p**3 - 7*p**2 - 7*p - 7. Suppose 15*l = 19*l + 16. List the prime factors of u(l).
3, 5, 11
Let b(s) be the second derivative of -s**5/20 - 7*s**4/12 + 7*s**3/6 - s. Let f be b(-8). Suppose f = 2*o + i - 3*i, 4 = 4*i. What are the prime factors of o?
5
Suppose 2*u = u - 173. Let x = u + 252. What are the prime factors of x?
79
Let t = -1 - -3. Suppose t = -3*g + 17. Suppose -g*y = -6*y + 4. List the prime factors of y.
2
Let s = -13 - 8. Let r = -16 - s. Suppose -4*w = 5*q - 75, 0 = -r*q + 3*w + 31 + 9. List the prime factors of q.
11
List the prime factors of (-1 - -8) + 296 + 51.
2, 3, 59
Suppose -4*b - 165 = -3*c - 0*b, -c + 3*b = -60. Let f be c/12 - 1/4. What are the prime factors of 1/((-3)/(-36)*f)?
3
Suppose 9 = -j - 69. Let k = j + 46. Let z = k - -83. What are the prime factors of z?
3, 17
Suppose -3*h = 5*t - 483, 3*h - 11*t = -10*t + 483. What are the prime factors of h?
7, 23
Let z(y) = -261*y - 1. Let m = 7 - 8. Let j be z(m). Suppose -3*g + 0*g - j = -5*o, -4*o = -4*g - 208. What are the prime factors of o?
2, 13
Suppose 2*d = 4*t - 9*t - 188, -3*d - 187 = 5*t. Let u = -497 + 579. Let v = t + u. List the prime factors of v.
2, 11
Let t = -378 - -744. What are the prime factors of t?
2, 3, 61
Suppose -5*c = -5*f, 2 = 2*c - 8. Let k = 18 + -9. Let r = k + f. List the prime factors of r.
2, 7
Let k(s) = -s**3 + 11*s**2 - 11*s + 10. Let t be k(10). Suppose -2*a = -8, 4*h - 5*a + 4 + 20 = t. List the prime factors of (-3 - (h - -1)) + 13.
2, 5
Let r = 7 - 2. Suppose 8 = r*f - 2. Let v = 1 + f. List the prime factors of v.
3
List the prime factors of ((-3)/4)/((-3)/25176*2).
3, 1049
Let z(c) = -c**3 + 3*c**2 + 4*c - 8. Let x be z(3). Let h(l) = 5*l + 11. What are the prime factors of h(x)?
31
Let k(g) = g**2 - 24*g + 75. List the prime factors of k(29).
2, 5, 11
Let w = 17 + -5. Let v = 15 - 11. Suppose -v*t = -w, -3*a + t + t = -45. List the prime factors of a.
17
Suppose -p - 3*z = -14, 5*p + 0 + 2 = 3*z. Suppose 10 - 2 = p*r. List the prime factors of r*(3 - (-44)/16).
23
Let x(w) = w**3 + 15*w**2 - 12*w. Let l be x(-16). Let a = l - -109. List the prime factors of a.
3, 5
Let z(o) = -o + 54. Let a be z(0). What are the prime factors of (40/(-18) - -2) + 3198/a?
59
Let x(r) = -r**3 - 2*r**2 + 5*r - 25. List the prime factors of x(-16).
7, 71
Let i = 347 + -270. List the prime factors of i.
7, 11
List the prime factors of 21/(-3) + 15/5 + 186.
2, 7, 13
Let d(n) = -n**3 - 2*n**2 + n + 7. Let q(l) = l**3 + l**2 - 2*l - 8. Let u(z) = -7*d(z) - 6*q(z). Suppose -30 = 5*t - 5. List the prime factors of u(t).
7
Suppose -4*u + 80 - 8 = 0. Let d be u/2 - 2 - 3. Suppose d*j - 67 + 11 = 0. List the prime factors of j.
2, 7
Suppose -517 = -2*t + 59. What are the prime factors of t?
2, 3
Suppose -42*g - 3438 = -18390. List the prime factors of g.
2, 89
Let s(n) = -2*n**3 - 4*n - 3. Let q(z) = z**2 - 4*z - 3. Let v be q(5). Let c be (v + -3)*(-2)/(-1). List the prime factors of s(c).
3, 7
Suppose 0 = 5*h + 35. Let z(s) = s + 9. Let b be z(h). Suppose 3*u + b*u + 29 = 2*o, 0 = 3*o - u - 37. List the prime factors of o.
2, 3
Suppose 5*i = 3*u + 15, 4*i - 9 = 5*u + 3. Suppose -699*m = -701*m + 112. Suppose i*g - g - m = 0. List the prime factors of g.
2, 7
Suppose 2*y = -3*z + 7*y + 260, -4*y = 5*z - 384. Suppose -2*a = 2*a - s - z, 0 = 3*a + 2*s - 60. What are the prime factors of a?
2, 5
Let f = -1 + 1. Suppose -4*d + 19 = 3*t, -5*t + f*t - d + 60 = 0. Let c = -3 + t. What are the prime factors of c?
2, 5
Let v be (-18)/(-48)*-2 - (-683)/4. Let j = 451 - v. What are the prime factors of j?
281
Let w(p) = -p**3 + 11*p**2 + 16*p - 25. List the prime factors of w(10).
5, 47
Let s(t) = t**3 - 5*t**2 - 5*t - 4. Let n be s(6). Let k be 112/(-18) - (-18)/81. Let x = n - k. List the prime factors of x.
2
Let t = -2884 + 5884. What are the prime factors of t?
2, 3, 5
Let p(b) = 9*b - 3. Let m(a) = 5*a - 1. Let w(s) = -5*m(s) + 3*p(s). Let d be w(-5). Let f(t) = -t**3 - 14*t**2 - 3*t - 14. List the prime factors of f(d).
2, 7
Let v(z) = -z**3 + 6*z**2 + 4*z - 1. Let x = -11 - -17. Suppose -2*f - x + 18 = 0. What are the prime factors of v(f)?
23
Let r = 3925 - 2199. What are the prime factors of r?
2, 863
Let o(m) = -6*m - 3. Let u be o(-4). Suppose 2*b - 283 + 93 = 0. Suppose 5*h - 144 = -a, -b = -4*h - a + u. What are the prime factors of h?
2, 7
Suppose 3*y + 3 = 2*y. Let f(g) = -20*g - 10. What are the prime factors of f(y)?
2, 5
Let f = -29 + 8. Let n(g) = -5*g**2 - 3*g. Let h be n(3). What are the prime factors of (h/(-21))/(-3)*f?
2, 3
List the prime factors of (-4532)/(-1) + (11 - 14).
7, 647
Suppose 8 = 4*p, 0*i - 5*p = -2*i. Suppose -5*j = 4*f + 3, -j + i*f + 0*f = -11. List the prime factors of j/4 + 729/12.
61
Let d = 116 - 18. Let c = 117 - d. List the prime factors of c.
19
Let l = 15 + -13. Suppose 0*i = -2*i - l. Let v(j) = 28*j**2 + 2*j + 1. List the prime factors of v(i).
3
What are the prime factors of (-18)/4*(-160370)/237?
3, 5, 7, 29
Let w(g) be the third derivative of -g**5/60 - 7*g**4/24 - g**3/2 - 2*g**2. Let c be w(-7). Let o = 13 + c. List the prime factors of o.
2, 5
Let m(s) = 23*s**2 - 13. List the prime factors of m(-3).
2, 97
Suppose 3*x + 7478 = 5*h, 2986 = 2*h + 4*x - 0*x. List the prime factors of h.
5, 13, 23
Suppose 3*p - 4*i = 742 + 294, p = 3*i + 352. Suppose 60*d = 56*d + p. What are the prime factors of d?
5, 17
Let n(r) = 9*r - 46. Let j be n(6). Suppose 11*m = j*m + 90. List the prime factors of m.
2, 3, 5
List the prime factors of 18*(28/(-21) - -8).
2, 3, 5
Let j = 1050 - 639. What are the prime factors of j?
3, 137
List the prime factors of (8 + -28)*-97 + -1.
7, 277
Suppose 12*g + 204 = 9*g. Let r = 77 + g. What are the prime factors of r?
3
Suppose 5*u - 7*n - 8756 = -3*n, -5*n = -2*u + 3499. List the prime factors of u.
2, 3, 73
Let u = -398 + 892. What are the prime factors of u?
2, 13, 19
Let f = 1140 - 684. What are the prime factors of f?
2, 3, 19
Let b(j) be the second derivative of -4*j - 4*j**2 + 0 - 7/6*j**3. What are the prime factors of b(-5)?
3
Suppose -3*y + 40 - 4 = 0. Let q = y + -10. Suppose -q*p - 5*t = -17, 2*p = p + 4*t + 41. List the prime factors of p.
3, 7
Let o(p) = -2*p**2 + 3*p. Let c be o(2). Let a be (-1)/(5 + c)*-57. Suppose a*n - 39 = 18*n. List the prime factors of n.
3, 13
Let o(i) = -i**3 - 5*i**2 + 3. Suppose 0 = -4*f - 11 - 9. Let n be o(f). Suppose -3*y = -2*s + 35, -16 - 8 = -n*s - 5*y. What are the prime factors of s?
13
Let y = -35 + 39. List the prime factors of ((-508)/8)/((-2)/y).
127
Let t(g) = g + 41. What are the prime factors of t(-15)?
2, 13
Let t(y) = -y**2 - 8*y - 7. Let k be t(-7). Let q(h) = h**2 + 2*h + 73. What are the prime factors of q(k)?
73
Let l(z) = z + 13. Let c be l(-9). Suppose w + 68 = 5*a, 5*a + c*w - w - 56 = 0. Suppose 2*x = 13 + a. List the prime factors of x.
13
Let p be (-2 - -3)/(16/18 + -1). What are the prime factors of (9448/(-18))/(-4) - (-2)/p?
131
What are the prime factors of (-1)/11 + 305089/649?
2, 5, 47
Suppose 3*b = -5*g + 3732, 3*b = 6 + 6. List the prime factors of g.
2, 3, 31
Suppose 3*k - 277 - 80 = -3*m, -2*m + 258 = -3*k. What are the prime factors of m/9 + ((-14)/(-3))/(-7)?
13
Suppose 0 = -3*z - 3*c + 267, -5*c = -0*c - 10. List the prime factors of z/2 + (-3)/6.
43
Let q(h) be the first derivative of 12*h + 1/3*h**3 - 4*h**2 + 6. What are the prime factors of q(8)?
2, 3
Suppose 0 = 5*t + 20, 4*g = -5*t + 6*t - 32. Let a = 137 + g. What are the prime factors of a?
2
Let a(g) = -3*g - 33. Let q be a(0). Let r = 148 + q. Suppose -4*p + 4*y + r = -p